 are the prime factors of 5078?
2, 2539
List the prime factors of 70751.
139, 509
List the prime factors of 1275.
3, 5, 17
List the prime factors of 46613.
7, 6659
List the prime factors of 238.
2, 7, 17
What are the prime factors of 3262?
2, 7, 233
What are the prime factors of 92?
2, 23
List the prime factors of 436.
2, 109
List the prime factors of 82.
2, 41
What are the prime factors of 850?
2, 5, 17
List the prime factors of 3621.
3, 17, 71
What are the prime factors of 21745?
5, 4349
List the prime factors of 4614.
2, 3, 769
List the prime factors of 3138.
2, 3, 523
What are the prime factors of 1271?
31, 41
What are the prime factors of 1665?
3, 5, 37
What are the prime factors of 6288?
2, 3, 131
List the prime factors of 3689.
7, 17, 31
What are the prime factors of 4043?
13, 311
What are the prime factors of 17806?
2, 29, 307
List the prime factors of 12806.
2, 19, 337
List the prime factors of 678.
2, 3, 113
What are the prime factors of 5108?
2, 1277
What are the prime factors of 106903?
106903
List the prime factors of 87170.
2, 5, 23, 379
List the prime factors of 19.
19
List the prime factors of 122062.
2, 61031
What are the prime factors of 19423?
19423
List the prime factors of 56.
2, 7
What are the prime factors of 1216?
2, 19
List the prime factors of 25616.
2, 1601
List the prime factors of 6566.
2, 7, 67
List the prime factors of 1408.
2, 11
List the prime factors of 3444.
2, 3, 7, 41
List the prime factors of 4622.
2, 2311
List the prime factors of 10599.
3, 3533
What are the prime factors of 980?
2, 5, 7
List the prime factors of 1916.
2, 479
What are the prime factors of 3992?
2, 499
List the prime factors of 39181.
39181
What are the prime factors of 2668?
2, 23, 29
What are the prime factors of 735?
3, 5, 7
List the prime factors of 517.
11, 47
List the prime factors of 7503.
3, 41, 61
List the prime factors of 4004.
2, 7, 11, 13
List the prime factors of 141618.
2, 3, 23603
List the prime factors of 1700.
2, 5, 17
List the prime factors of 30333.
3, 10111
What are the prime factors of 40549?
23, 41, 43
List the prime factors of 7877.
7877
List the prime factors of 47523.
3, 7, 31, 73
What are the prime factors of 6714?
2, 3, 373
What are the prime factors of 9715?
5, 29, 67
List the prime factors of 932.
2, 233
What are the prime factors of 1502?
2, 751
List the prime factors of 4042.
2, 43, 47
What are the prime factors of 536?
2, 67
List the prime factors of 8869.
7, 181
What are the prime factors of 643?
643
What are the prime factors of 75?
3, 5
List the prime factors of 43805.
5, 8761
List the prime factors of 1545.
3, 5, 103
List the prime factors of 9325.
5, 373
What are the prime factors of 30157?
53, 569
List the prime factors of 16974.
2, 3, 23, 41
What are the prime factors of 2365?
5, 11, 43
What are the prime factors of 5107?
5107
List the prime factors of 66139.
19, 59
What are the prime factors of 3369?
3, 1123
List the prime factors of 371.
7, 53
What are the prime factors of 100775?
5, 29, 139
List the prime factors of 1870.
2, 5, 11, 17
List the prime factors of 870.
2, 3, 5, 29
What are the prime factors of 96353?
96353
What are the prime factors of 7871?
17, 463
List the prime factors of 5402.
2, 37, 73
What are the prime factors of 8158?
2, 4079
What are the prime factors of 42226?
2, 43, 491
What are the prime factors of 1062?
2, 3, 59
What are the prime factors of 461?
461
What are the prime factors of 110427?
3, 36809
What are the prime factors of 1348?
2, 337
What are the prime factors of 5205?
3, 5, 347
List the prime factors of 6751.
43, 157
List the prime factors of 13516.
2, 31, 109
What are the prime factors of 5040?
2, 3, 5, 7
List the prime factors of 3990.
2, 3, 5, 7, 19
What are the prime factors of 1358?
2, 7, 97
List the prime factors of 87.
3, 29
List the prime factors of 49867.
47, 1061
List the prime factors of 156.
2, 3, 13
List the prime factors of 1129.
1129
What are the prime factors of 5119?
5119
What are the prime factors of 24489?
3, 907
What are the prime factors of 1014?
2, 3, 13
What are the prime factors of 1556?
2, 389
List the prime factors of 2.
2
List the prime factors of 1893.
3, 631
What are the prime factors of 2105?
5, 421
What are the prime factors of 30222?
2, 3, 23, 73
What are the prime factors of 9160?
2, 5, 229
What are the prime factors of 7241?
13, 557
What are the prime factors of 7966?
2, 7, 569
What are the prime factors of 55714?
2, 89, 313
List the prime factors of 73603.
89, 827
List the prime factors of 344.
2, 43
What are the prime factors of 493?
17, 29
What are the prime factors of 12485?
5, 11, 227
List the prime factors of 44079.
3, 7, 2099
What are the prime factors of 107275?
5, 7, 613
What are the prime factors of 906?
2, 3, 151
List the prime factors of 3980.
2, 5, 199
What are the prime factors of 8523?
3, 947
What are the prime factors of 3382?
2, 19, 89
List the prime factors of 1692.
2, 3, 47
List the prime factors of 2382.
2, 3, 397
List the prime factors of 4505.
5, 17, 53
What are the prime factors of 1910?
2, 5, 191
List the prime factors of 29633.
29633
What are the prime factors of 3796?
2, 13, 73
List the prime factors of 1116.
2, 3, 31
List the prime factors of 690.
2, 3, 5, 23
List the prime factors of 1895.
5, 379
What are the prime factors of 5534?
2, 2767
What are the prime factors of 666?
2, 3, 37
What are the prime factors of 39088?
2, 7, 349
List the prime factors of 17344.
2, 271
List the prime factors of 22249.
19, 1171
List the prime factors of 3042.
2, 3, 13
What are the prime factors of 5862?
2, 3, 977
What are the prime factors of 44334?
2, 3, 821
List the prime factors of 7435.
5, 1487
What are the prime factors of 950?
2, 5, 19
What are the prime factors of 2038?
2, 1019
What are the prime factors of 453?
3, 151
What are the prime factors of 196?
2, 7
List the prime factors of 1296.
2, 3
List the prime factors of 910.
2, 5, 7, 13
List the prime factors of 44530.
2, 5, 61, 73
What are the prime factors of 17861?
53, 337
What are the prime factors of 3097?
19, 163
List the prime factors of 1473.
3, 491
List the prime factors of 67738.
2, 11, 3079
List the prime factors of 18097.
18097
What are the prime factors of 49755?
3, 5, 31, 107
List the prime factors of 108349.
97, 1117
List the prime factors of 8341.
19, 439
List the prime factors of 21944.
2, 13, 211
What are the prime factors of 12330?
2, 3, 5, 137
List the prime factors of 1547.
7, 13, 17
What are the prime factors of 24534?
2, 3, 29, 47
List the prime factors of 39391.
11, 3581
What are the prime factors of 12?
2, 3
What are the prime factors of 45749?
11, 4159
What are the prime factors of 33575?
5, 17, 79
What are the prime factors of 362?
2, 181
List the prime factors of 722.
2, 19
What are the prime factors of 3630?
2, 3, 5, 11
What are the prime factors of 768?
2, 3
List the prime factors of 33324.
2, 3, 2777
What are the prime factors of 174791?
103, 1697
What are the prime factors of 2912?
2, 7, 13
List the prime factors of 27533.
11, 2503
What are the prime factors of 8698?
2, 4349
List the prime factors of 979.
11, 89
What are the prime factors of 114057?
3, 19, 23, 29
What are the prime factors of 86522?
2, 43261
List the prime factors of 4172.
2, 7, 149
List the prime factors of 2073.
3, 691
What are the prime factors of 102851?
7, 2099
What are the prime factors of 758?
2, 379
What are the prime factors of 556?
2, 139
List the prime factors of 1767.
3, 19, 31
What are the prime factors of 5137?
11, 467
What are the prime factors of 124166?
2, 7, 181
List the prime factors of 1496.
2, 11, 17
What are the prime factors of 1228?
2, 307
What are the prime factors of 5121?
3, 569
What are the prime factors of 1209?
3, 13, 31
What are the prime factors of 133917?
3, 7, 911
What are the prime factors of 2272?
2, 71
List the prime factors of 12717.
3, 157
What are the prime factors of 12723?
3, 4241
What are the prime factors of 3859?
17, 227
List the prime factors of 17806.
2, 29, 307
What are the prime factors of 887?
887
What are the prime factors of 15640?
2, 5, 17, 23
List the prime factors of 9690.
2, 3, 5, 17, 19
What are the prime factors of 8675?
5, 347
What are the prime factors of 25217?
151, 167
List the prime factors of 10892.
2,